 is -12 + 3 + (-3 - (-3 - 0))?
-9
What is the value of (32 - 23) + (-4 - -1 - -11)?
17
Evaluate -3 - (-12 + -6 - (0 + -5)) - 2.
8
What is the value of (-11 - 1) + (7 - 3) + 17?
9
Evaluate 4 + 8 + (-26 - -8) - (6 - -1).
-13
Evaluate 15 + -10 + (-2 - -10).
13
Calculate 5 + 0 + -7 + -8 + 0.
-10
What is 3 + (-1 - -8 - (-26 - -27)) + 1?
10
Calculate 13 + -74 + 58 + (30 - -1).
28
Evaluate (-27 - -12) + (9 - 20 - -6).
-20
2 - (6 + -2 + -17 + 7 - -13)
-5
Evaluate -19 + -8 + 5 - (11 - 18 - 4).
-11
What is the value of -53 - (-35 - (20 + -32))?
-30
26 + (25 - 65 - -5)
-9
Calculate (12 - -1) + -7 - 14.
-8
Calculate (-7 - 6 - -17) + -21.
-17
What is (-5 - -10) + 0 - (-6 - -5 - -21)?
-15
Evaluate (-10 - -4) + -5 + 10 + (-7 - 0).
-8
Evaluate -15 + (55 + -28 - 19).
-7
(-11 - (-3 + -5)) + -6
-9
What is 32 - (-22 - -9 - (18 - 34))?
29
What is the value of (-5 - -4) + -1 + (2 + -4 - 1)?
-5
(0 + -1 - -7) + (-30 - (13 - 43))
6
What is the value of -2 - ((-16 - 4) + 6)?
12
What is the value of -139 - -198 - (31 - 2)?
30
What is (-1 - -3) + (0 - 1) - (-1309 + 1321)?
-11
Calculate (12 + -1 - 3) + (-75 - -82).
15
What is the value of 105 - (10 + 88) - (51 + -2 - 2)?
-40
Calculate 0 + -37 + (105 - 91) + 14.
-9
Evaluate (-5 - (-2 - (3 - 1))) + (-10 - -21).
10
1 + 13 - (6 + -2 + 7 - 10)
13
What is the value of 7 + -25 - (-1 + -5 - (1 - 6))?
-17
-12 + (-3 - -6) - (18 + -23)
-4
What is the value of (-19 - (1 + (-4 - 0))) + 31 + -26?
-11
(-3 - (-7 + 13)) + -45 + 48
-6
Evaluate (-11 - -2) + -314 + 322.
-1
Calculate -26 + 22 + 8 + -6.
-2
What is 5 - (26 + -52 + 12)?
19
Evaluate 25 + (6 + 3 - 10) + -19 + 10.
15
Calculate 10 + (1 - (-5 + 8)) + -10.
-2
What is (26 - 0) + (-795 - -787)?
18
Evaluate 2 + -10 - (-15 + (-1 - -2) + 2).
4
Calculate (6 + -5 - -12) + 4 + 8.
25
What is 2 + (-23 - -3) + 7?
-11
Calculate -24 - (-2 + -6 - -14 - 3).
-27
Evaluate 12 - ((-1 - -32) + (3 - -8)).
-30
Calculate -8 + 36 - 1 - 27.
0
Calculate 7 - (18 + -3) - -15.
7
What is (6 - 50) + (59 - 33)?
-18
6 + -19 + (-9 - 11) + 11
-22
What is (-124 - -132) + (6 - (0 - -3))?
11
Calculate 6 + (-26 - -22) + -9 - (0 + 16).
-23
What is 4 + (-6 - (-4 - 6)) + -3 - 6?
-1
Calculate -10 + (7 - (4 - 14)).
7
Evaluate (15 - 18) + -5 + -4 + -12.
-24
What is -17 + (10 - (9 + -27 + 12))?
-1
5 + (5 - 5) - (-17 + 6)
16
Evaluate (-1 + 7 - (207 - 202)) + 23.
24
Calculate (11 - -4) + -5 - (18 + 10).
-18
Evaluate -23 - -30 - (-1 - -2) - (7 + 2).
-3
Calculate -2 - ((-4 - 22) + 4).
20
Evaluate 0 + (1 - -5) + 14 + -18 + 10.
12
Evaluate (-5 + 14 - -6) + (1 - (1 - -5)).
10
(-2 - -3) + (9 + -19 - (-11 + -1))
3
-62 + 56 - (21 - (10 - 5))
-22
What is -1 - 1 - (186 + -186)?
-2
What is the value of -3 + 5 + 11 + 1?
14
12 + -2 + 0 - (467 + -456)
-1
7 - (-13 - -4 - (-8 + 0))
8
Calculate -4 - (-2 - -7) - -21.
12
(4 + -7 - 6) + 7 + 5
3
What is the value of (12 - (6 - -6)) + (-22 - (5 - -1))?
-28
What is the value of -19 - ((-4 - (-9 - -6)) + -11)?
-7
Evaluate 0 + -1 + (18 - 9) - -4.
12
What is 13 + -1 + 9 + (68 - 58)?
31
Evaluate -2 + 3 - (-10 + (-9 - -29)) - -3.
-6
What is the value of 0 - (29 + -43) - (14 + 1)?
-1
Calculate 23 + -20 + -8 + -1.
-6
What is -20 - (-7 + (-13 - (-8 - 0)))?
-8
-2 + 5 + 9 + -23 + 26
15
Evaluate -5 + (1 - -7 - (-3 - -10)).
-4
What is (-81 - -74 - (-5 - 1)) + -7 + 12?
4
What is the value of -31 - (9 + 5 - 43)?
-2
What is the value of 17 + 1 + -19 - 12?
-13
-1 + 9 + -1 + (-7 - (-12 + 16))
-4
What is the value of (1 + -40 - (320 + -336)) + -11?
-34
Evaluate 8 - (24 + 0 + -8).
-8
Calculate (-2 - 2) + 0 + (-2 - -6) + 4.
4
What is 1 + -2 + 7 + -14 + 7 + -8?
-9
Calculate -19 + (27 - 1 - 27).
-20
What is the value of (-3 - -4) + 24 + -41 + 14?
-2
What is (-2 - 1) + -6 + 44 + (-46 - -35)?
24
What is the value of -22 + (2 + 9 - (-13 + 17))?
-15
1 - 11 - (-10 + -6 + 14)
-8
(-5 - -1 - (-158 + 150)) + (-1 - 16)
-13
Calculate -11 + 36 + -50 + 26.
1
Evaluate (0 - (-3 - -5)) + 4 + -6 + -4.
-8
Calculate (-72 - -91) + (-3 - (2 - -1)).
13
What is the value of -10 + 11 + (-11 - -17)?
7
Calculate -14 + 0 - (2 + (-21 - -9) + 12).
-16
What is the value of 6 - -2 - (12 + 4)?
-8
What is the value of 10 + -21 - -16 - (-5 - -17)?
-7
What is the value of 2 - (-22 + 19 - -20)?
-15
What is the value of 36 + 8 + 32 + -101?
-25
Calculate (4 - (-27 + 21)) + (0 - -3).
13
Calculate -1 + 31 - ((-22 - 16 - -13) + 26).
29
Calculate (-15 - (-4 - -1)) + 5 + -20 + -1.
-28
-10 + 14 + -11 + 16 - 16
-7
1 + (0 - (8 + -2)) - -5
0
0 + 20 - (17 - (16 - -12))
31
What is 25 - (14 - -18) - (-1 - 1)?
-5
Calculate -8 - (19 + 5 + -18).
-14
Evaluate -28 + 3 + 14 + 20.
9
What is the value of (-8 - -5) + (-56 - -70)?
11
(9 - 0) + (-299 - -302) + -19
-7
Calculate 19 - 13 - (15 + -4).
-5
Evaluate (0 - -5 - 0) + 8 + 10.
23
-6 + 9 + -24 - (-3 + -1 - 2)
-15
What is 0 - ((3 - -1) + (15 - 16) - 9)?
6
Evaluate -7 - -7 - (-58 - -28) - (-2 - 0).
32
What is 3 - 1 - (1 - (3 - 7))?
-3
Evaluate -15 + -8 - -32 - (-1 - 12).
22
Calculate (-5 - 10) + 19 + -1 + -3.
0
Calculate (608 - 614) + (39 - 0).
33
What is the value of 10 + (2 + 4 + -33 - (-5 + -3))?
-9
What is the value of -14 - ((19 - 16 - 12) + -8)?
3
What is the value of -5 - (-2 - -1) - (-51 - (-27 + -34))?
-14
What is the value of (27 - (-7 + -2)) + (0 - (-3 - -13))?
26
Evaluate 33 + -22 + (0 - 3).
8
Evaluate -7 + 13 + -13 - -13.
6
0 + 9 + 2 - (12 - 8) - 7
0
What is the value of 29 - (-26 + 34 - -4)?
17
What is the value of -4 + -4 + -8 + 10?
-6
Evaluate 0 + 1 - ((8 - 9) + (1 - -4)).
-3
Evaluate -21 + 1 - (1 + 13 - (474 + -467)).
-27
1 + -6 + (11 - (-9 + 5 - -10))
0
Calculate 18 + -22 + (26 - 12).
10
What is the value of 2 + (10 - 13 - -9)?
8
Evaluate (27 + -30 - (-6 - 1) - -7) + 2.
13
Calculate -19 - (-38 + 5) - 21.
-7
Calculate (12 - 3 - 4) + -15.
-10
Evaluate 9 - ((8 - -19) + -26).
8
(-240 - -234 - (0 + 4) - 25) + 10
-25
Calculate 50 + -45 - (2 + 1 - -6).
-4
Calculate (3 - 44) + (-199 - -237).
-3
What is 17 + -1 + -23 + -8?
-15
What is the value of -4 + 14 + (-19 - -24) + -3 + 0?
12
What is ((0 - 2) + -2 - (74 - 72)) + 7?
1
What is 10 - (13 - 2 - (49 + -27))?
21
Evaluate 8 - (-1 - (-4 + (-3 - 1)) - 7).
8
Calculate 9 + -11 + 12 + -2 + 0 + -6.
2
Evaluate 883 + -876 + -5 + -2.
0
What is the value of -13 - (-25 + 1 + 2 + -4)?
13
What is 24 - -3 - 37 - (-10 - -1)?
-1
What is the value of -62 + 37 + 25 - (-14 + -1)?
15
Calculate -8 + (0 - -2) + (11 - -10 - 10).
5
What is (-2 - -9) + (394 - 394)?
7
What is the value of 27 + (9 - -11) + -29 + 2?
20
Evaluate -58 - -59 - (0 + -2).
3
What is (-10 + 3 - -5) + 8?
6
-3 - (-9 - (6 - 21 - -4))
-5
Evaluate 0 - ((-29 - -20) + 10).
-1
-22 + -2 + 0 - (-28 + (38 - 13))
-21
29 - ((33 - -3) + 9)
-16
What is the value of 4 - (2 + -6) - -4 - 9?
3
What is the value of 23 - (-5 + 28) - (-21 + -4)?
25
Evaluate 16 + (-18 - -4) - -2.
4
What is 25 + -2 + (-1 - (-43 + 35))?
30
What is the value of -1 + 16 - 16 - -9?
8
(-23 - 0) + 219 + -216
-20
What is the value of (-4 - (6 - 3)) + (7 + 10 - 1)?
9
What is the value of 0 - (3 - 0 - (4 + -19 + 25))?
7
Evaluate -13 + 28 + -13 - 14.
-12
What is 1 + -14 - (-6 + -1 + -76 + 82)?
-12
What is (-4 - -4 - 4) + 6 - (1 + 0)?
1
Calculate 11 + (14 - 4) + -8.
13
Calculate (-25 - 9) + (24 - 0) - (0 - -1).
-11
Calculate 32 - (5 - -8) - 22.
-3
Calculate (353 - 327) + -1 + -58.
-33
What is the value of -9 - (-6 - -7) - (-13 + 7)?
-4
Evaluate (19 - -23) + -31 - (2 + 5).
4
Evaluate 1 + (0 - (-2 + 2)) - (-185 + 172).
14
What is 12 + 19 + -20 + -15?
-4
7 + (-8 - -2) - -1
2
Evaluate 15 - (-14 - (-34 - -9)).
4
Calculate -25 + (3 + -5 - -13) - -8.
-6
Calculate 10 - (7 + -2 + 10).
-5
What is 39 + -21 + (-12 - 2) + (-27 - 1)?
-24
Evaluate 2 - ((-2 - -3 - 5) + 2) - -7.
11
3 + (-2 - -8 - 9) - (23 + -33)
10
Evaluate (-1 + (4 - 11) - -2) + 5.
-1
What is -22 - (10 - (2 + 23))?
-7
Evaluate 1 - (12 - 0 - 3).
-8
Evaluate -9 - (-1 - 5) - (-6 + 3).
0
What is -29 - (-6 + -17) - (-2 - 1) - -6?
3
1 - (10 + (-7 - -6) + 1)
-9
Evaluate -15 + (15 - 29) + (15 - -11).
-3
4 + -2 + 339 + -315 - (2 + 0)
24
7 + 0 - (17 + (-10 - -2))
-2
Calculate -8 + 3 - (-14 - (-1 + -13)) - 4.
-9
What is (9 - 7) + 19 + -6 + 1?
16
What is 96 - 121 - (5 + 8 + -14)?
-24
Calculate -18 - (12 + -28 + 19).
-21
Calculate -6 - ((5 - (2 - -4)) + 17).
-22
(39 + -48 - -15) + 0
6
Evaluate 5 - (-24 + (2 - (4 + 2 + -6))).
27
Calculat